{"id":873,"date":"2026-08-06T14:22:25","date_gmt":"2026-08-06T12:22:25","guid":{"rendered":"https:\/\/hu-ds2025.elementor.hu\/impresszum\/"},"modified":"2026-08-06T17:15:47","modified_gmt":"2026-08-06T15:15:47","slug":"impresszum","status":"publish","type":"page","link":"https:\/\/elementor.hu\/en\/impresszum\/","title":{"rendered":"Imprint"},"content":{"rendered":"<h2>Service Provider Details<\/h2>\n<p>Company Name \/ Sole Trader Name: ELEMENTOR Faktor Zrt.<\/p>\n<p>Registered Address \/ Residence: 1152 Budapest, Szentmih\u00e1lyi \u00fat 171, 3rd floor, door 31.<\/p>\n<p>Email Address: titkarsag@elementor.hu<\/p>\n<p>Tax Number: 28947820-2-42<\/p>\n<p>Company Registration Number \/ Registration Number (Sole Trader): 01 10 141107<\/p>\n<p>Registering Court \/ Authority: Company Registry Court of the Metropolitan Court of Budapest<\/p>\n<h2>Hosting Provider<\/h2>\n<p>Company Name: Rackhost Zrt.<\/p>\n<p>Registered Address: 6722 Szeged, Tisza Lajos k\u00f6r\u00fat 41.<\/p>\n<p>Email \/ Website: info@rackhost.hu<\/p>","protected":false},"excerpt":{"rendered":"<p>Szolg\u00e1ltat\u00f3 adatai C\u00e9gn\u00e9v \/ Egy\u00e9ni v\u00e1llalkoz\u00f3 neve: ELEMENTOR Faktor Zrt. Sz\u00e9khely \/ Lakc\u00edm: 1152 Budapest, Szentmih\u00e1lyi \u00fat 171. 3. em. 31. E-mail c\u00edm: titkarsag@elementor.hu Ad\u00f3sz\u00e1m: 28947820-2-42 C\u00e9gjegyz\u00e9ksz\u00e1m \/ Nyilv\u00e1ntart\u00e1si sz\u00e1m (EV): 01 10 141107 Nyilv\u00e1ntart\u00e1sba vev\u0151 b\u00edr\u00f3s\u00e1g \/ hat\u00f3s\u00e1g: F\u0151v\u00e1rosi T\u00f6rv\u00e9nysz\u00e9k C\u00e9gb\u00edr\u00f3s\u00e1ga T\u00e1rhelyszolg\u00e1ltat\u00f3 C\u00e9gn\u00e9v: Rackhost Zrt. Sz\u00e9khely: 6722 Szeged, Tisza Lajos k\u00f6r\u00fat 41. E-mail \/ [&hellip;]<\/p>\n","protected":false},"author":2,"featured_media":0,"parent":0,"menu_order":0,"comment_status":"closed","ping_status":"closed","template":"","meta":{"_gspb_post_css":"","footnotes":""},"class_list":["post-873","page","type-page","status-publish","hentry"],"blocksy_meta":{"styles_descriptor":{"styles":{"desktop":"","tablet":"","mobile":""},"google_fonts":[],"version":7}},"yoast_head":"<!-- This site is optimized with the Yoast SEO plugin v28.2 - https:\/\/yoast.com\/product\/yoast-seo-wordpress\/ -->\n<title>Impresszum | K\u00f6vetel\u00e9skezel\u00e9si szolg\u00e1ltat\u00f3<\/title>\n<meta name=\"description\" content=\"Tekintse meg a weboldal \u00fczemeltet\u0151j\u00e9nek hivatalos c\u00e9gadatait, el\u00e9rhet\u0151s\u00e9geit, valamint a szolg\u00e1ltat\u00f3ra vonatkoz\u00f3 jogi inform\u00e1ci\u00f3kat.\" \/>\n<meta name=\"robots\" content=\"index, follow, max-snippet:-1, max-image-preview:large, max-video-preview:-1\" \/>\n<link rel=\"canonical\" href=\"https:\/\/elementor.hu\/en\/impresszum\/\" \/>\n<meta property=\"og:locale\" content=\"en_US\" \/>\n<meta property=\"og:type\" content=\"article\" \/>\n<meta property=\"og:title\" content=\"Impresszum | K\u00f6vetel\u00e9skezel\u00e9si szolg\u00e1ltat\u00f3\" \/>\n<meta property=\"og:description\" content=\"Tekintse meg a weboldal \u00fczemeltet\u0151j\u00e9nek hivatalos c\u00e9gadatait, el\u00e9rhet\u0151s\u00e9geit, valamint a szolg\u00e1ltat\u00f3ra vonatkoz\u00f3 jogi inform\u00e1ci\u00f3kat.\" \/>\n<meta property=\"og:url\" content=\"https:\/\/elementor.hu\/en\/impresszum\/\" \/>\n<meta property=\"og:site_name\" content=\"ELEMENTOR Faktor Zrt.\" \/>\n<meta property=\"article:modified_time\" content=\"2026-08-06T15:15:47+00:00\" \/>\n<meta name=\"twitter:card\" content=\"summary_large_image\" \/>\n<meta name=\"twitter:label1\" content=\"Est. reading time\" \/>\n\t<meta name=\"twitter:data1\" content=\"1 minute\" \/>\n<script type=\"application\/ld+json\" class=\"yoast-schema-graph\">{\"@context\":\"https:\\\/\\\/schema.org\",\"@graph\":[{\"@type\":\"WebPage\",\"@id\":\"https:\\\/\\\/elementor.hu\\\/impresszum\\\/\",\"url\":\"https:\\\/\\\/elementor.hu\\\/impresszum\\\/\",\"name\":\"Impresszum | K\u00f6vetel\u00e9skezel\u00e9si szolg\u00e1ltat\u00f3\",\"isPartOf\":{\"@id\":\"https:\\\/\\\/elementor.hu\\\/#website\"},\"datePublished\":\"2026-08-06T12:22:25+00:00\",\"dateModified\":\"2026-08-06T15:15:47+00:00\",\"description\":\"Tekintse meg a weboldal \u00fczemeltet\u0151j\u00e9nek hivatalos c\u00e9gadatait, el\u00e9rhet\u0151s\u00e9geit, valamint a szolg\u00e1ltat\u00f3ra vonatkoz\u00f3 jogi inform\u00e1ci\u00f3kat.\",\"breadcrumb\":{\"@id\":\"https:\\\/\\\/elementor.hu\\\/impresszum\\\/#breadcrumb\"},\"inLanguage\":\"en-US\",\"potentialAction\":[{\"@type\":\"ReadAction\",\"target\":[\"https:\\\/\\\/elementor.hu\\\/impresszum\\\/\"]}]},{\"@type\":\"BreadcrumbList\",\"@id\":\"https:\\\/\\\/elementor.hu\\\/impresszum\\\/#breadcrumb\",\"itemListElement\":[{\"@type\":\"ListItem\",\"position\":1,\"name\":\"Home\",\"item\":\"https:\\\/\\\/elementor.hu\\\/\"},{\"@type\":\"ListItem\",\"position\":2,\"name\":\"Impresszum\"}]},{\"@type\":\"WebSite\",\"@id\":\"https:\\\/\\\/elementor.hu\\\/#website\",\"url\":\"https:\\\/\\\/elementor.hu\\\/\",\"name\":\"ELEMENTOR Faktor Zrt.\",\"description\":\"K\u00f6vetel\u00e9skezel\u00e9s, k\u00f6vetel\u00e9sv\u00e1s\u00e1rl\u00e1s, faktoring \u00e9s finansz\u00edroz\u00e1s\",\"publisher\":{\"@id\":\"https:\\\/\\\/elementor.hu\\\/#organization\"},\"potentialAction\":[{\"@type\":\"SearchAction\",\"target\":{\"@type\":\"EntryPoint\",\"urlTemplate\":\"https:\\\/\\\/elementor.hu\\\/?s={search_term_string}\"},\"query-input\":{\"@type\":\"PropertyValueSpecification\",\"valueRequired\":true,\"valueName\":\"search_term_string\"}}],\"inLanguage\":\"en-US\"},{\"@type\":\"Organization\",\"@id\":\"https:\\\/\\\/elementor.hu\\\/#organization\",\"name\":\"ELEMENTOR Faktor Zrt.\",\"url\":\"https:\\\/\\\/elementor.hu\\\/\",\"logo\":{\"@type\":\"ImageObject\",\"inLanguage\":\"en-US\",\"@id\":\"https:\\\/\\\/elementor.hu\\\/#\\\/schema\\\/logo\\\/image\\\/\",\"url\":\"https:\\\/\\\/elementor.hu\\\/wp-content\\\/uploads\\\/2026\\\/08\\\/eft-logo-elementor-faktor-2026.png?wsr\",\"contentUrl\":\"https:\\\/\\\/elementor.hu\\\/wp-content\\\/uploads\\\/2026\\\/08\\\/eft-logo-elementor-faktor-2026.png?wsr\",\"width\":766,\"height\":415,\"caption\":\"ELEMENTOR Faktor Zrt.\"},\"image\":{\"@id\":\"https:\\\/\\\/elementor.hu\\\/#\\\/schema\\\/logo\\\/image\\\/\"}}]}<\/script>\n<!-- \/ Yoast SEO plugin. -->","yoast_head_json":{"title":"Impresszum | K\u00f6vetel\u00e9skezel\u00e9si szolg\u00e1ltat\u00f3","description":"Tekintse meg a weboldal \u00fczemeltet\u0151j\u00e9nek hivatalos c\u00e9gadatait, el\u00e9rhet\u0151s\u00e9geit, valamint a szolg\u00e1ltat\u00f3ra vonatkoz\u00f3 jogi inform\u00e1ci\u00f3kat.","robots":{"index":"index","follow":"follow","max-snippet":"max-snippet:-1","max-image-preview":"max-image-preview:large","max-video-preview":"max-video-preview:-1"},"canonical":"https:\/\/elementor.hu\/en\/impresszum\/","og_locale":"en_US","og_type":"article","og_title":"Impresszum | K\u00f6vetel\u00e9skezel\u00e9si szolg\u00e1ltat\u00f3","og_description":"Tekintse meg a weboldal \u00fczemeltet\u0151j\u00e9nek hivatalos c\u00e9gadatait, el\u00e9rhet\u0151s\u00e9geit, valamint a szolg\u00e1ltat\u00f3ra vonatkoz\u00f3 jogi inform\u00e1ci\u00f3kat.","og_url":"https:\/\/elementor.hu\/en\/impresszum\/","og_site_name":"ELEMENTOR Faktor Zrt.","article_modified_time":"2026-08-06T15:15:47+00:00","twitter_card":"summary_large_image","twitter_misc":{"Est. reading time":"1 minute"},"schema":{"@context":"https:\/\/schema.org","@graph":[{"@type":"WebPage","@id":"https:\/\/elementor.hu\/impresszum\/","url":"https:\/\/elementor.hu\/impresszum\/","name":"Impresszum | K\u00f6vetel\u00e9skezel\u00e9si szolg\u00e1ltat\u00f3","isPartOf":{"@id":"https:\/\/elementor.hu\/#website"},"datePublished":"2026-08-06T12:22:25+00:00","dateModified":"2026-08-06T15:15:47+00:00","description":"Tekintse meg a weboldal \u00fczemeltet\u0151j\u00e9nek hivatalos c\u00e9gadatait, el\u00e9rhet\u0151s\u00e9geit, valamint a szolg\u00e1ltat\u00f3ra vonatkoz\u00f3 jogi inform\u00e1ci\u00f3kat.","breadcrumb":{"@id":"https:\/\/elementor.hu\/impresszum\/#breadcrumb"},"inLanguage":"en-US","potentialAction":[{"@type":"ReadAction","target":["https:\/\/elementor.hu\/impresszum\/"]}]},{"@type":"BreadcrumbList","@id":"https:\/\/elementor.hu\/impresszum\/#breadcrumb","itemListElement":[{"@type":"ListItem","position":1,"name":"Home","item":"https:\/\/elementor.hu\/"},{"@type":"ListItem","position":2,"name":"Impresszum"}]},{"@type":"WebSite","@id":"https:\/\/elementor.hu\/#website","url":"https:\/\/elementor.hu\/","name":"ELEMENTOR Faktor Zrt.","description":"Debt management, debt collection, factoring and financing","publisher":{"@id":"https:\/\/elementor.hu\/#organization"},"potentialAction":[{"@type":"SearchAction","target":{"@type":"EntryPoint","urlTemplate":"https:\/\/elementor.hu\/?s={search_term_string}"},"query-input":{"@type":"PropertyValueSpecification","valueRequired":true,"valueName":"search_term_string"}}],"inLanguage":"en-US"},{"@type":"Organization","@id":"https:\/\/elementor.hu\/#organization","name":"ELEMENTOR Faktor Zrt.","url":"https:\/\/elementor.hu\/","logo":{"@type":"ImageObject","inLanguage":"en-US","@id":"https:\/\/elementor.hu\/#\/schema\/logo\/image\/","url":"https:\/\/elementor.hu\/wp-content\/uploads\/2026\/08\/eft-logo-elementor-faktor-2026.png?wsr","contentUrl":"https:\/\/elementor.hu\/wp-content\/uploads\/2026\/08\/eft-logo-elementor-faktor-2026.png?wsr","width":766,"height":415,"caption":"ELEMENTOR Faktor Zrt."},"image":{"@id":"https:\/\/elementor.hu\/#\/schema\/logo\/image\/"}}]}},"_links":{"self":[{"href":"https:\/\/elementor.hu\/en\/wp-json\/wp\/v2\/pages\/873","targetHints":{"allow":["GET"]}}],"collection":[{"href":"https:\/\/elementor.hu\/en\/wp-json\/wp\/v2\/pages"}],"about":[{"href":"https:\/\/elementor.hu\/en\/wp-json\/wp\/v2\/types\/page"}],"author":[{"embeddable":true,"href":"https:\/\/elementor.hu\/en\/wp-json\/wp\/v2\/users\/2"}],"replies":[{"embeddable":true,"href":"https:\/\/elementor.hu\/en\/wp-json\/wp\/v2\/comments?post=873"}],"version-history":[{"count":1,"href":"https:\/\/elementor.hu\/en\/wp-json\/wp\/v2\/pages\/873\/revisions"}],"predecessor-version":[{"id":887,"href":"https:\/\/elementor.hu\/en\/wp-json\/wp\/v2\/pages\/873\/revisions\/887"}],"wp:attachment":[{"href":"https:\/\/elementor.hu\/en\/wp-json\/wp\/v2\/media?parent=873"}],"curies":[{"name":"wp","href":"https:\/\/api.w.org\/{rel}","templated":true}]}}

<h2>Service Provider Details</h2>
<p>Company Name / Sole Trader Name: ELEMENTOR Faktor Zrt.</p>
<p>Registered Address / Residence: 1152 Budapest, Szentmihályi út 171, 3rd floor, door 31.</p>
<p>Email Address: titkarsag@elementor.hu</p>
<p>Tax Number: 28947820-2-42</p>
<p>Company Registration Number / Registration Number (Sole Trader): 01 10 141107</p>
<p>Registering Court / Authority: Company Registry Court of the Metropolitan Court of Budapest</p>
<h2>Hosting Provider</h2>
<p>Company Name: Rackhost Zrt.</p>
<p>Registered Address: 6722 Szeged, Tisza Lajos körút 41.</p>
<p>Email / Website: info@rackhost.hu</p>

<p>Szolgáltató adatai Cégnév / Egyéni vállalkozó neve: ELEMENTOR Faktor Zrt. Székhely / Lakcím: 1152 Budapest, Szentmihályi út 171. 3. em. 31. E-mail cím: titkarsag@elementor.hu Adószám: 28947820-2-42 Cégjegyzékszám / Nyilvántartási szám (EV): 01 10 141107 Nyilvántartásba vevő bíróság / hatóság: Fővárosi Törvényszék Cégbírósága Tárhelyszolgáltató Cégnév: Rackhost Zrt. Székhely: 6722 Szeged, Tisza Lajos körút 41. E-mail / [&hellip;]</p>

<!-- This site is optimized with the Yoast SEO plugin v28.2 - https://yoast.com/product/yoast-seo-wordpress/ -->
<title>Impresszum | Követeléskezelési szolgáltató</title>
<meta name="description" content="Tekintse meg a weboldal üzemeltetőjének hivatalos cégadatait, elérhetőségeit, valamint a szolgáltatóra vonatkozó jogi információkat." />
<meta name="robots" content="index, follow, max-snippet:-1, max-image-preview:large, max-video-preview:-1" />
<link rel="canonical" href="https://elementor.hu/en/impresszum/" />
<meta property="og:locale" content="en_US" />
<meta property="og:type" content="article" />
<meta property="og:title" content="Impresszum | Követeléskezelési szolgáltató" />
<meta property="og:description" content="Tekintse meg a weboldal üzemeltetőjének hivatalos cégadatait, elérhetőségeit, valamint a szolgáltatóra vonatkozó jogi információkat." />
<meta property="og:url" content="https://elementor.hu/en/impresszum/" />
<meta property="og:site_name" content="ELEMENTOR Faktor Zrt." />
<meta property="article:modified_time" content="2026-08-06T15:15:47+00:00" />
<meta name="twitter:card" content="summary_large_image" />
<meta name="twitter:label1" content="Est. reading time" />
	<meta name="twitter:data1" content="1 minute" />
<script type="application/ld+json" class="yoast-schema-graph">{"@context":"https:\/\/schema.org","@graph":[{"@type":"WebPage","@id":"https:\/\/elementor.hu\/impresszum\/","url":"https:\/\/elementor.hu\/impresszum\/","name":"Impresszum | Követeléskezelési szolgáltató","isPartOf":{"@id":"https:\/\/elementor.hu\/#website"},"datePublished":"2026-08-06T12:22:25+00:00","dateModified":"2026-08-06T15:15:47+00:00","description":"Tekintse meg a weboldal üzemeltetőjének hivatalos cégadatait, elérhetőségeit, valamint a szolgáltatóra vonatkozó jogi információkat.","breadcrumb":{"@id":"https:\/\/elementor.hu\/impresszum\/#breadcrumb"},"inLanguage":"en-US","potentialAction":[{"@type":"ReadAction","target":["https:\/\/elementor.hu\/impresszum\/"]}]},{"@type":"BreadcrumbList","@id":"https:\/\/elementor.hu\/impresszum\/#breadcrumb","itemListElement":[{"@type":"ListItem","position":1,"name":"Home","item":"https:\/\/elementor.hu\/"},{"@type":"ListItem","position":2,"name":"Impresszum"}]},{"@type":"WebSite","@id":"https:\/\/elementor.hu\/#website","url":"https:\/\/elementor.hu\/","name":"ELEMENTOR Faktor Zrt.","description":"Követeléskezelés, követelésvásárlás, faktoring és finanszírozás","publisher":{"@id":"https:\/\/elementor.hu\/#organization"},"potentialAction":[{"@type":"SearchAction","target":{"@type":"EntryPoint","urlTemplate":"https:\/\/elementor.hu\/?s={search_term_string}"},"query-input":{"@type":"PropertyValueSpecification","valueRequired":true,"valueName":"search_term_string"}}],"inLanguage":"en-US"},{"@type":"Organization","@id":"https:\/\/elementor.hu\/#organization","name":"ELEMENTOR Faktor Zrt.","url":"https:\/\/elementor.hu\/","logo":{"@type":"ImageObject","inLanguage":"en-US","@id":"https:\/\/elementor.hu\/#\/schema\/logo\/image\/","url":"https:\/\/elementor.hu\/wp-content\/uploads\/2026\/08\/eft-logo-elementor-faktor-2026.png?wsr","contentUrl":"https:\/\/elementor.hu\/wp-content\/uploads\/2026\/08\/eft-logo-elementor-faktor-2026.png?wsr","width":766,"height":415,"caption":"ELEMENTOR Faktor Zrt."},"image":{"@id":"https:\/\/elementor.hu\/#\/schema\/logo\/image\/"}}]}</script>
<!-- / Yoast SEO plugin. -->

Impresszum | Követeléskezelési szolgáltató

Tekintse meg a weboldal üzemeltetőjének hivatalos cégadatait, elérhetőségeit, valamint a szolgáltatóra vonatkozó jogi információkat.
